vided by 488.
385
What is the remainder when 92594 is divided by 753?
728
Calculate the remainder when 1463 is divided by 477.
32
Calculate the remainder when 10070 is divided by 10036.
34
Calculate the remainder when 9603 is divided by 738.
9
Calculate the remainder when 22561 is divided by 252.
133
Calculate the remainder when 1167 is divided by 451.
265
Calculate the remainder when 24427 is divided by 5.
2
What is the remainder when 86813 is divided by 14408?
365
What is the remainder when 95804 is divided by 130?
124
What is the remainder when 43124 is divided by 26?
16
What is the remainder when 45883 is divided by 4170?
13
What is the remainder when 21668 is divided by 258?
254
What is the remainder when 21593 is divided by 4315?
18
What is the remainder when 93257 is divided by 54?
53
Calculate the remainder when 231727 is divided by 44.
23
Calculate the remainder when 3064 is divided by 192.
184
Calculate the remainder when 61999 is divided by 1441.
36
Calculate the remainder when 1013 is divided by 30.
23
Calculate the remainder when 859471 is divided by 154.
151
Calculate the remainder when 62514 is divided by 275.
89
What is the remainder when 61460 is divided by 312?
308
What is the remainder when 1271 is divided by 3?
2
What is the remainder when 34610 is divided by 304?
258
What is the remainder when 117461 is divided by 8?
5
Calculate the remainder when 3642 is divided by 123.
75
What is the remainder when 39678 is divided by 903?
849
What is the remainder when 35991 is divided by 500?
491
What is the remainder when 3605 is divided by 335?
255
What is the remainder when 23428 is divided by 66?
64
What is the remainder when 7559 is divided by 14?
13
Calculate the remainder when 827 is divided by 307.
213
What is the remainder when 294 is divided by 118?
58
What is the remainder when 3845 is divided by 3199?
646
What is the remainder when 41080 is divided by 1209?
1183
What is the remainder when 5756 is divided by 40?
36
Calculate the remainder when 43683 is divided by 1819.
27
What is the remainder when 22567 is divided by 434?
433
Calculate the remainder when 843 is divided by 313.
217
What is the remainder when 169222 is divided by 175?
172
Calculate the remainder when 785395 is divided by 85.
80
What is the remainder when 521022 is divided by 13711?
4
Calculate the remainder when 22129 is divided by 11064.
1
Calculate the remainder when 2637359 is divided by 301.
298
Calculate the remainder when 18528 is divided by 8982.
564
Calculate the remainder when 1667 is divided by 491.
194
What is the remainder when 7564 is divided by 29?
24
What is the remainder when 4111596 is divided by 950?
946
Calculate the remainder when 1552 is divided by 61.
27
Calculate the remainder when 363549 is divided by 21.
18
What is the remainder when 8708 is divided by 23?
14
Calculate the remainder when 517677 is divided by 517673.
4
What is the remainder when 887282 is divided by 394?
388
What is the remainder when 16833 is divided by 1199?
47
What is the remainder when 148934 is divided by 393?
380
What is the remainder when 15297 is divided by 19?
2
What is the remainder when 1550025 is divided by 108?
9
What is the remainder when 1931 is divided by 251?
174
What is the remainder when 116340 is divided by 139?
136
What is the remainder when 63463 is divided by 37?
8
What is the remainder when 7070 is divided by 3503?
64
What is the remainder when 8378 is divided by 79?
4
Calculate the remainder when 278 is divided by 84.
26
Calculate the remainder when 40167 is divided by 15.
12
What is the remainder when 49018 is divided by 1401?
1384
Calculate the remainder when 29183 is divided by 621.
617
What is the remainder when 12104 is divided by 2954?
288
Calculate the remainder when 6636 is divided by 244.
48
Calculate the remainder when 413590 is divided by 12.
10
Calculate the remainder when 8164 is divided by 623.
65
Calculate the remainder when 16964 is divided by 16865.
99
Calculate the remainder when 32008 is divided by 1179.
175
Calculate the remainder when 4446 is divided by 1320.
486
What is the remainder when 848280 is divided by 13?
4
Calculate the remainder when 8574 is divided by 1429.
0
Calculate the remainder when 45375 is divided by 40.
15
What is the remainder when 19191 is divided by 9583?
25
Calculate the remainder when 6536 is divided by 169.
114
Calculate the remainder when 184425 is divided by 22.
21
What is the remainder when 30927 is divided by 63?
57
What is the remainder when 10410 is divided by 84?
78
Calculate the remainder when 865142 is divided by 392.
390
Calculate the remainder when 211 is divided by 69.
4
What is the remainder when 301078 is divided by 24?
22
Calculate the remainder when 1126906 is divided by 225381.
1
Calculate the remainder when 85201 is divided by 85191.
10
Calculate the remainder when 61533 is divided by 59.
55
Calculate the remainder when 18321 is divided by 18107.
214
What is the remainder when 5404 is divided by 339?
319
Calculate the remainder when 184318 is divided by 45.
43
Calculate the remainder when 30696 is divided by 15324.
48
Calculate the remainder when 142514 is divided by 5.
4
What is the remainder when 6540 is divided by 182?
170
Calculate the remainder when 10166 is divided by 920.
46
What is the remainder when 3414 is divided by 28?
26
What is the remainder when 84688 is divided by 366?
142
What is the remainder when 19374 is divided by 39?
30
What is the remainder when 37279 is divided by 1958?
77
What is the remainder when 40442 is divided by 5031?
194
Calculate the remainder when 1103 is divided by 557.
546
What is the remainder when 143209 is divided by 6?
1
What is the remainder when 4251 is divided by 2174?
2077
What is the remainder when 67045 is divided by 430?
395
What is the remainder when 818596 is divided by 552?
532
Calculate the remainder when 28652 is divided by 14.
8
Calculate the remainder when 1136592 is divided by 7527.
15
Calculate the remainder when 856966 is divided by 60.
46
Calculate the remainder when 1162543 is divided by 705.
703
Calculate the remainder when 3990 is divided by 221.
12
Calculate the remainder when 564587 is divided by 71.
66
Calculate the remainder when 1862 is divided by 1844.
18
What is the remainder when 17299 is divided by 76?
47
Calculate the remainder when 10298 is divided by 179.
95
Calculate the remainder when 6308 is divided by 11.
5
Calculate the remainder when 58321 is divided by 241.
240
What is the remainder when 71027 is divided by 14195?
52
Calculate the remainder when 5093 is divided by 1861.
1371
Calculate the remainder when 255129 is divided by 10630.
9
Calculate the remainder when 108135 is divided by 136.
15
Calculate the remainder when 53168 is divided by 380.
348
Calculate the remainder when 391 is divided by 254.
137
Calculate the remainder when 25938 is divided by 1323.
801
What is the remainder when 659360 is divided by 1945?
5
What is the remainder when 4169 is divided by 248?
201
What is the remainder when 7629 is divided by 98?
83
What is the remainder when 9375 is divided by 7635?
1740
Calculate the remainder when 632994 is divided by 47.
45
What is the remainder when 3705 is divided by 1235?
0
What is the remainder when 51 is divided by 10?
1
What is the remainder when 1736 is divided by 783?
170
What is the remainder when 1638 is divided by 764?
110
What is the remainder when 12370 is divided by 33?
28
Calculate the remainder when 29373 is divided by 83.
74
Calculate the remainder when 163763 is divided by 54586.
5
What is the remainder when 20218 is divided by 807?
43
Calculate the remainder when 1375 is divided by 29.
12
What is the remainder when 11641 is divided by 105?
91
What is the remainder when 1128119 is divided by 237?
236
What is the remainder when 16527 is divided by 16345?
182
Calculate the remainder when 2022 is divided by 184.
182
Calculate the remainder when 832 is divided by 13.
0
What is the remainder when 122543 is divided by 12?
11
What is the remainder when 40454 is divided by 562?
552
What is the remainder when 3548 is divided by 323?
318
Calculate the remainder when 10900 is divided by 3631.
7
Calculate the remainder when 21990 is divided by 400.
390
Calculate the remainder when 13